{"id":10594,"date":"2024-12-31T01:53:12","date_gmt":"2024-12-31T00:53:12","guid":{"rendered":"https:\/\/happy-plants.pl\/index.php\/produkt\/kenzan-s\/"},"modified":"2026-04-24T11:44:11","modified_gmt":"2026-04-24T09:44:11","slug":"kenzan-s","status":"publish","type":"product","link":"https:\/\/happy-plants.pl\/index.php\/produkt\/kenzan-s\/","title":{"rendered":"Kenzan S"},"content":{"rendered":"<p>Ten tradycyjny Kenzan jest niezast\u0105piony przy uk\u0142adaniu kwiat\u00f3w i dobrze trzyma kwiaty i ga\u0142\u0105zki. Kenzan ma gumowy pier\u015bcie\u0144, dzi\u0119ki czemu kompozycja pozostaje na swoim miejscu.<br \/>\nPonadto gumowy pier\u015bcie\u0144 chroni wazon lub misk\u0119 przed uszkodzeniem.<\/p>\n<p>&#8211; idealny do uk\u0142adania kwiat\u00f3w<br \/>\n&#8211; wyposa\u017cony w gumowy pier\u015bcie\u0144<br \/>\n&#8211; szpilki ze stali nierdzewnej<br \/>\n&#8211; 91 szpilek<br \/>\n&#8211; zapakowany w pe\u0142nokolorowe pude\u0142ko prezentowe<br \/>\n&#8211; ekspozycja sto\u0142owa z pude\u0142kami prezentowymi<\/p>\n<p><strong>Waga: <\/strong><br \/>\n0.076 kg<br \/>\n<strong>Wymiary: <\/strong><br \/>\n4.3 \u00d7 4.3 \u00d7 1.6 cm<br \/>\n<strong>Materia\u0142: <\/strong>Metal, stal nierdzewna, TPR<\/p>\n<p><strong>WYSY\u0141KA artyku\u0142\u00f3w z kategorii akcesoria, b\u0119dzie przez nas realizowana w terminie do 30 kwietnia 2025 r. razem z karpami dalii.<\/strong><\/p>\n","protected":false},"excerpt":{"rendered":"<p>Ten tradycyjny Kenzan jest niezast\u0105piony przy uk\u0142adaniu kwiat\u00f3w i dobrze trzyma kwiaty i ga\u0142\u0105zki. Kenzan ma gumowy pier\u015bcie\u0144, dzi\u0119ki czemu kompozycja pozostaje na swoim miejscu. Ponadto gumowy pier\u015bcie\u0144 chroni wazon lub misk\u0119 przed uszkodzeniem. &#8211; idealny do uk\u0142adania kwiat\u00f3w &#8211; wyposa\u017cony w gumowy pier\u015bcie\u0144 &#8211; szpilki ze stali nierdzewnej &#8211; 91 szpilek &#8211; zapakowany w [&hellip;]<\/p>\n","protected":false},"featured_media":10678,"template":"","meta":[],"product_brand":[],"product_cat":[89],"product_tag":[],"class_list":{"0":"post-10594","1":"product","2":"type-product","3":"status-publish","4":"has-post-thumbnail","6":"product_cat-akcesoria","8":"first","9":"instock","10":"taxable","11":"shipping-taxable","12":"purchasable","13":"product-type-simple"},"jetpack_sharing_enabled":true,"_links":{"self":[{"href":"https:\/\/happy-plants.pl\/index.php\/wp-json\/wp\/v2\/product\/10594","targetHints":{"allow":["GET"]}}],"collection":[{"href":"https:\/\/happy-plants.pl\/index.php\/wp-json\/wp\/v2\/product"}],"about":[{"href":"https:\/\/happy-plants.pl\/index.php\/wp-json\/wp\/v2\/types\/product"}],"wp:featuredmedia":[{"embeddable":true,"href":"https:\/\/happy-plants.pl\/index.php\/wp-json\/wp\/v2\/media\/10678"}],"wp:attachment":[{"href":"https:\/\/happy-plants.pl\/index.php\/wp-json\/wp\/v2\/media?parent=10594"}],"wp:term":[{"taxonomy":"product_brand","embeddable":true,"href":"https:\/\/happy-plants.pl\/index.php\/wp-json\/wp\/v2\/product_brand?post=10594"},{"taxonomy":"product_cat","embeddable":true,"href":"https:\/\/happy-plants.pl\/index.php\/wp-json\/wp\/v2\/product_cat?post=10594"},{"taxonomy":"product_tag","embeddable":true,"href":"https:\/\/happy-plants.pl\/index.php\/wp-json\/wp\/v2\/product_tag?post=10594"}],"curies":[{"name":"wp","href":"https:\/\/api.w.org\/{rel}","templated":true}]}}