{"id":10609,"date":"2024-12-31T01:53:16","date_gmt":"2024-12-31T00:53:16","guid":{"rendered":"https:\/\/happy-plants.pl\/index.php\/produkt\/rose-print-jute-apron\/"},"modified":"2026-04-24T14:31:28","modified_gmt":"2026-04-24T12:31:28","slug":"rose-print-jute-apron","status":"publish","type":"product","link":"https:\/\/happy-plants.pl\/index.php\/produkt\/rose-print-jute-apron\/","title":{"rendered":"Fartuch z nadrukiem r\u00f3\u017c"},"content":{"rendered":"<p>R\u00f3\u017ce symbolizuj\u0105 pi\u0119kno i mi\u0142o\u015b\u0107. Ten solidny i wytrzyma\u0142y fartuch ze staroangielskim nadrukiem r\u00f3\u017c jest niezb\u0119dny podczas prac ogrodniczych i ma kilka pojemnych kieszeni, kt\u00f3re mo\u017cna wykorzysta\u0107 do przechowywania r\u00f3\u017cnych narz\u0119dzi. Ten fartuch ma w pe\u0142ni regulowany pasek na szyj\u0119 i pas zapinany z ty\u0142u.<\/p>\n<p>&#8211; regulowany pasek<\/p>\n<p>Waga:<br \/>\n0,194 kg<br \/>\nWymiary:<br \/>\n1 \u00d7 105,5 \u00d7 78 cm<br \/>\nMateria\u0142<br \/>\nP\u0142\u00f3tno, juta, PU, ??PP<\/p>\n<p><strong>WYSY\u0141KA artyku\u0142\u00f3w z kategorii akcesoria, b\u0119dzie przez nas realizowana w terminie do 30 kwietnia 2025 r. razem z karpami dalii.<\/strong><\/p>\n","protected":false},"excerpt":{"rendered":"<p>R\u00f3\u017ce symbolizuj\u0105 pi\u0119kno i mi\u0142o\u015b\u0107. Ten solidny i wytrzyma\u0142y fartuch ze staroangielskim nadrukiem r\u00f3\u017c jest niezb\u0119dny podczas prac ogrodniczych i ma kilka pojemnych kieszeni, kt\u00f3re mo\u017cna wykorzysta\u0107 do przechowywania r\u00f3\u017cnych narz\u0119dzi. Ten fartuch ma w pe\u0142ni regulowany pasek na szyj\u0119 i pas zapinany z ty\u0142u. &#8211; regulowany pasek Waga: 0,194 kg Wymiary: 1 \u00d7 105,5 [&hellip;]<\/p>\n","protected":false},"featured_media":10690,"template":"","meta":[],"product_brand":[],"product_cat":[89],"product_tag":[],"class_list":{"0":"post-10609","1":"product","2":"type-product","3":"status-publish","4":"has-post-thumbnail","6":"product_cat-akcesoria","8":"first","9":"instock","10":"taxable","11":"shipping-taxable","12":"purchasable","13":"product-type-simple"},"jetpack_sharing_enabled":true,"_links":{"self":[{"href":"https:\/\/happy-plants.pl\/index.php\/wp-json\/wp\/v2\/product\/10609","targetHints":{"allow":["GET"]}}],"collection":[{"href":"https:\/\/happy-plants.pl\/index.php\/wp-json\/wp\/v2\/product"}],"about":[{"href":"https:\/\/happy-plants.pl\/index.php\/wp-json\/wp\/v2\/types\/product"}],"wp:featuredmedia":[{"embeddable":true,"href":"https:\/\/happy-plants.pl\/index.php\/wp-json\/wp\/v2\/media\/10690"}],"wp:attachment":[{"href":"https:\/\/happy-plants.pl\/index.php\/wp-json\/wp\/v2\/media?parent=10609"}],"wp:term":[{"taxonomy":"product_brand","embeddable":true,"href":"https:\/\/happy-plants.pl\/index.php\/wp-json\/wp\/v2\/product_brand?post=10609"},{"taxonomy":"product_cat","embeddable":true,"href":"https:\/\/happy-plants.pl\/index.php\/wp-json\/wp\/v2\/product_cat?post=10609"},{"taxonomy":"product_tag","embeddable":true,"href":"https:\/\/happy-plants.pl\/index.php\/wp-json\/wp\/v2\/product_tag?post=10609"}],"curies":[{"name":"wp","href":"https:\/\/api.w.org\/{rel}","templated":true}]}}