{"id":6221,"date":"2023-06-28T14:52:07","date_gmt":"2023-06-28T12:52:07","guid":{"rendered":"https:\/\/happy-plants.pl\/?post_type=product&#038;p=6221"},"modified":"2026-04-24T21:48:11","modified_gmt":"2026-04-24T19:48:11","slug":"phlox-starry-eyes","status":"publish","type":"product","link":"https:\/\/happy-plants.pl\/index.php\/produkt\/phlox-starry-eyes\/","title":{"rendered":"Phlox Starry Eyes Nasiona Floks"},"content":{"rendered":"<p>Typ produktu: Nasiona kwiat\u00f3w<\/p>\n<p>Kolor: r\u00f3\u017cowy<\/p>\n<p>Okres sadzenia: kwiecie\u0144 &#8211; maj<\/p>\n<p>Okres kwitnienia: lipiec &#8211; wrzesie\u0144<\/p>\n<p>Kwiaty ci\u0119te: tak<\/p>\n<p>Przyjazny zapylaczom: tak<\/p>\n<p>G\u0142\u0119boko\u015b\u0107 sadzenia: 0,5 cm \/ 0,2&#8243;<\/p>\n<p>Wysoko\u015b\u0107 ro\u015bliny: 45 cm \/ 18&#8243;<\/p>\n<p>Opakowanie zawiera: oko\u0142o 0,35 grama &#8211; oko\u0142o 150 nasion<\/p>\n<p>Czas kie\u0142kowania: 2 &#8211; 3 tygodnie<\/p>\n<p>Czas do kwitnienia: 9 &#8211; 10 tygodni<\/p>\n<p><strong>WYSY\u0141KA zakupionych teraz nasion, b\u0119dzie przez nas realizowana w terminie: do 30 kwietnia 2025 r.<\/strong><\/p>\n","protected":false},"excerpt":{"rendered":"<p>Typ produktu: Nasiona kwiat\u00f3w Kolor: r\u00f3\u017cowy Okres sadzenia: kwiecie\u0144 &#8211; maj Okres kwitnienia: lipiec &#8211; wrzesie\u0144 Kwiaty ci\u0119te: tak Przyjazny zapylaczom: tak G\u0142\u0119boko\u015b\u0107 sadzenia: 0,5 cm \/ 0,2&#8243; Wysoko\u015b\u0107 ro\u015bliny: 45 cm \/ 18&#8243; Opakowanie zawiera: oko\u0142o 0,35 grama &#8211; oko\u0142o 150 nasion Czas kie\u0142kowania: 2 &#8211; 3 tygodnie Czas do kwitnienia: 9 &#8211; 10 [&hellip;]<\/p>\n","protected":false},"featured_media":6225,"template":"","meta":[],"product_brand":[],"product_cat":[25],"product_tag":[],"class_list":{"0":"post-6221","1":"product","2":"type-product","3":"status-publish","4":"has-post-thumbnail","6":"product_cat-nasiona-fam","8":"first","9":"instock","10":"sale","11":"taxable","12":"shipping-taxable","13":"purchasable","14":"product-type-simple"},"jetpack_sharing_enabled":true,"_links":{"self":[{"href":"https:\/\/happy-plants.pl\/index.php\/wp-json\/wp\/v2\/product\/6221","targetHints":{"allow":["GET"]}}],"collection":[{"href":"https:\/\/happy-plants.pl\/index.php\/wp-json\/wp\/v2\/product"}],"about":[{"href":"https:\/\/happy-plants.pl\/index.php\/wp-json\/wp\/v2\/types\/product"}],"wp:featuredmedia":[{"embeddable":true,"href":"https:\/\/happy-plants.pl\/index.php\/wp-json\/wp\/v2\/media\/6225"}],"wp:attachment":[{"href":"https:\/\/happy-plants.pl\/index.php\/wp-json\/wp\/v2\/media?parent=6221"}],"wp:term":[{"taxonomy":"product_brand","embeddable":true,"href":"https:\/\/happy-plants.pl\/index.php\/wp-json\/wp\/v2\/product_brand?post=6221"},{"taxonomy":"product_cat","embeddable":true,"href":"https:\/\/happy-plants.pl\/index.php\/wp-json\/wp\/v2\/product_cat?post=6221"},{"taxonomy":"product_tag","embeddable":true,"href":"https:\/\/happy-plants.pl\/index.php\/wp-json\/wp\/v2\/product_tag?post=6221"}],"curies":[{"name":"wp","href":"https:\/\/api.w.org\/{rel}","templated":true}]}}